{"id":1745,"date":"2021-03-15T19:01:36","date_gmt":"2021-03-15T19:01:36","guid":{"rendered":"http:\/\/3els.com\/onlinetravelescapes\/?post_type=product&#038;p=1745"},"modified":"2021-03-19T19:14:45","modified_gmt":"2021-03-19T19:14:45","slug":"ote-pintando-estilo-gaudi","status":"publish","type":"product","link":"https:\/\/3els.com\/onlinetravelescapes\/producto\/ote-pintando-estilo-gaudi\/","title":{"rendered":"PINTANDO ESTILO GAUD\u00cd"},"content":{"rendered":"<p><\/p>\n<p style=\"text-align: center;\"><span style=\"font-size: 12pt;\"><strong>\u2013 Sesi\u00f3n privada guiada por Mireia Cifuentes\u2013\u00a0<\/strong><\/span><\/p>\n<p><span style=\"font-size: 12pt;\">Clase dirigida por <a href=\"https:\/\/www.mireiacifuentes.com\/\" target=\"_blank\" rel=\"noopener\">Mireia Cifuentes<\/a>, una reconocida artista local que te guiar\u00e1 en esta divertida sesi\u00f3n de arte. Aprender\u00e1s a pintar el famoso drag\u00f3n de Gaud\u00ed en el Park G\u00fcell.<\/span><\/p>\n<p><span style=\"font-size: 12pt;\">La sesi\u00f3n se llevar\u00e1 a cabo en el estudio de Mireia donde aprender\u00e1s sobre la t\u00e9cnica de la pintura acr\u00edlica adem\u00e1s de disfrutar de una experiencia agradable e interesante.<\/span><\/p>\n<p><strong><span style=\"font-size: 12pt;\">\u00a1\u00danete a nosotros y aprende a crear al estilo de Gaud\u00ed!<\/span><\/strong><\/p>\n<p><span style=\"font-size: 12pt;\">\u2013 Duraci\u00f3n: 2H. aprox.<\/span><br \/>\n<span style=\"font-size: 12pt;\">\u2013 Edad: apto para todos los p\u00fablicos.<\/span><br \/>\n<span style=\"font-size: 12pt;\">\u2013 Participantes: hasta 20 personas (cont\u00e1ctanos para grupos hasta 100 personas).<\/span><br \/>\n<span style=\"font-size: 12pt;\">\u2013 Dificultad: media.<\/span><\/p>\n<p><span style=\"font-size: 12pt;\"><strong>NOTAS<\/strong><\/span><br \/>\n<span style=\"font-size: 12pt;\">\u2013 Detalles sobre el material necesario ser\u00e1n proporcionados con antelaci\u00f3n.<\/span><br \/>\n<span style=\"font-size: 12pt;\">\u2013 Env\u00eda tu petici\u00f3n para concretar d\u00eda y hora de la sesi\u00f3n.<\/span><br \/>\n<span style=\"font-size: 12pt;\">\u2013 Recomendamos usar un ordenador o tablet, no tel\u00e9fonos m\u00f3viles.<\/span><br \/>\n<span style=\"font-size: 12pt;\">\u2013 En el caso de participar varias personas desde localizaciones diferentes, recomendamos el uso de un segundo dispositivo para comunicarse con videollamadas o aplicaciones multiconferencia.<\/span><\/p>","protected":false},"excerpt":{"rendered":"<p>\u2013 Sesi\u00f3n privada guiada por Mireia Cifuentes\u2013\u00a0 Clase dirigida por Mireia Cifuentes, una reconocida artista local que te guiar\u00e1 en esta divertida sesi\u00f3n de arte. Aprender\u00e1s a pintar el famoso drag\u00f3n de Gaud\u00ed en el Park G\u00fcell. La sesi\u00f3n se llevar\u00e1 a cabo en el estudio de Mireia donde aprender\u00e1s sobre la t\u00e9cnica de la&#8230;<\/p>\n","protected":false},"featured_media":1746,"comment_status":"open","ping_status":"closed","template":"","meta":[],"product_brand":[],"product_cat":[44,21],"product_tag":[48],"class_list":{"0":"post-1745","1":"product","2":"type-product","3":"status-publish","4":"has-post-thumbnail","6":"product_cat-arte","7":"product_cat-gaudi","8":"product_tag-experiencias-online","10":"first","11":"instock","12":"shipping-taxable","13":"product-type-external"},"_links":{"self":[{"href":"https:\/\/3els.com\/onlinetravelescapes\/wp-json\/wp\/v2\/product\/1745","targetHints":{"allow":["GET"]}}],"collection":[{"href":"https:\/\/3els.com\/onlinetravelescapes\/wp-json\/wp\/v2\/product"}],"about":[{"href":"https:\/\/3els.com\/onlinetravelescapes\/wp-json\/wp\/v2\/types\/product"}],"replies":[{"embeddable":true,"href":"https:\/\/3els.com\/onlinetravelescapes\/wp-json\/wp\/v2\/comments?post=1745"}],"wp:featuredmedia":[{"embeddable":true,"href":"https:\/\/3els.com\/onlinetravelescapes\/wp-json\/wp\/v2\/media\/1746"}],"wp:attachment":[{"href":"https:\/\/3els.com\/onlinetravelescapes\/wp-json\/wp\/v2\/media?parent=1745"}],"wp:term":[{"taxonomy":"product_brand","embeddable":true,"href":"https:\/\/3els.com\/onlinetravelescapes\/wp-json\/wp\/v2\/product_brand?post=1745"},{"taxonomy":"product_cat","embeddable":true,"href":"https:\/\/3els.com\/onlinetravelescapes\/wp-json\/wp\/v2\/product_cat?post=1745"},{"taxonomy":"product_tag","embeddable":true,"href":"https:\/\/3els.com\/onlinetravelescapes\/wp-json\/wp\/v2\/product_tag?post=1745"}],"curies":[{"name":"wp","href":"https:\/\/api.w.org\/{rel}","templated":true}]}}